 the units digit of m?
4
Let v(k) = -5 - 84*k - 7 - 10*k - 285*k + 1. What is the tens digit of v(-1)?
6
Let a = -49 - -55. Let w(i) = -i**2 + 5*i + 8. Let t be w(a). Suppose 540 = 7*r - t*r. What is the units digit of r?
8
Suppose -2192 = 267*m - 271*m. Suppose 11*n - m - 2455 = 0. What is the units digit of n?
3
Suppose 109*z - 2163891 - 252639 = 0. What is the ten thousands digit of z?
2
Suppose 4314 - 1335 = 9*g. What is the units digit of g?
1
Let s(w) = -w**2 - 7*w + 10. Let r be s(-7). Suppose 0 = -9*m + r*m - 606. What is the hundreds digit of (m/(-18) + -3)*36/(-10)?
1
What is the units digit of (11 - -1) + -1 + 3459?
0
Suppose 0 = -8*b - 6021 - 2563. Let n = b + 1851. What is the tens digit of n?
7
Let n(z) = z**3 + 2*z**2 + 5*z + 2. Let i be n(0). Suppose 3*u - 1013 = -2*q, 1 - 3 = -i*q. What is the hundreds digit of u?
3
Suppose 4*l = 2*r + 73 - 253, -10 = -5*l. Suppose 3*s - r - 32 = 0. What is the units digit of 12/s + (-850)/(-14)?
1
Let c(p) be the second derivative of 50*p**3/3 + 3*p**2 - 51*p. What is the hundreds digit of c(4)?
4
Let s(l) = l**3 - 4*l**2 - 6*l + 27. Let i be s(3). Suppose i = 2*j - 5*u - 916 - 277, -j + 5*u = -589. What is the units digit of j?
4
What is the thousands digit of (-437)/3933 - 78860/(-18)?
4
Let d = -263 - -268. Suppose 0 = 5*o - l - 1330, 1360 = -4*o + 9*o + d*l. What is the hundreds digit of o?
2
Suppose -3*o + d + 16 = -3*d, 2*d + 22 = 5*o. Suppose -3363 = -2*v + 4*w - 331, 7580 = 5*v - o*w. What is the thousands digit of v?
1
Let y = 735 - 402. Let h = y - 138. What is the units digit of h?
5
Let a be 6/(-4) + (-641630)/(-20). Suppose -47*v + a + 3734 = 0. What is the units digit of v?
2
Let q(x) = 4*x**2 - 27*x + 27. Let o(i) = -3*i**2 + 21*i - 27. Let m(d) = -3*o(d) - 2*q(d). What is the units digit of m(26)?
9
Let c = -19945 + 44658. What is the ten thousands digit of c?
2
Let h(v) = v**3 - v**2 - 2*v + 4. Let g = -56 - -58. Let l be h(g). Suppose -w - l = -3, 4*w = -3*c + 86. What is the tens digit of c?
3
Let q = -1208 + 1806. Suppose -5*m + q = p, 2*p + 173 = 2*m - 71. Suppose -x - m = -3*x. What is the units digit of x?
0
Let b = 116 + -116. Let k be (1 - (4 - 2)) + 3. Suppose b = w + 2*c - 126, 4*w + 0*w = -k*c + 534. What is the units digit of w?
6
Let q = -959 - -1430. Let d = q + -99. What is the hundreds digit of d?
3
Let s = 212 - 232. Let w(p) = p**3 + 22*p**2 + 21*p + 35. What is the hundreds digit of w(s)?
4
Let g = 13487 - -1002. What is the tens digit of g?
8
Let h be (-1209)/52*(-16)/6. Suppose -h*k = -65*k + 573. What is the tens digit of k?
9
Suppose -4*o = y - 3*y - 8036, -4*y = -o + 2016. Let j = o - 1256. What is the units digit of j?
2
Let j(q) = -7*q**3 + 9*q**2 + q + 11. Suppose 0*y = 5*y - 35. Let n(v) = -8*v**3 + 9*v**2 + v + 12. Let k(h) = y*j(h) - 6*n(h). What is the units digit of k(9)?
4
Suppose 0*k - 508 = -4*k. Suppose 3*d - 591 = 4*r, -5*d + r + 1503 = 518. Let c = d - k. What is the units digit of c?
0
Suppose 502135 = -60*v + 1040641 + 1277934. What is the hundreds digit of v?
2
Suppose 0 = 3*u - 0*u + 42. Let q(b) = -b**3 - 14*b**2 - 3*b - 40. Let h be q(u). What is the units digit of (-16)/(-20)*205/h?
2
Let t(u) = -14*u + 5. Let w be t(3). Let b = w - -41. Suppose -2*a + 12 + 33 = f, a - b*f = 36. What is the tens digit of a?
2
Let x = -4226 + 8223. What is the units digit of x?
7
Let f = -18 - 5. Let q = 23 + f. Suppose 2*o - 4 = -k + 43, q = 3*k - 3*o - 96. What is the units digit of k?
7
Suppose -5*z + 74 + 37 = -4*x, -71 = -3*z - 2*x. Suppose 0 = 11*v - z*v + 8604. What is the hundreds digit of v?
7
Let k(g) = 2*g**3 - 6*g**2 + 8*g - 4. Let c be k(4). Let m = c + -56. Suppose 0 = -m*t + 204 - 36. What is the tens digit of t?
4
Let z = -579 + 597. Suppose -z*o + 4733 + 3169 = 0. What is the units digit of o?
9
Let v = 25766 + -6925. What is the hundreds digit of v?
8
Suppose 2*u - 46 = 30. Let f be u*5/((-60)/(-78)). Let b = -139 + f. What is the hundreds digit of b?
1
Let i(q) = -q - 20. Let p be i(-23). Suppose p*u - 3*s - 143 = -4*s, -5*u + 245 = 3*s. Suppose 62*v = 64*v - u. What is the units digit of v?
3
Let k(o) = o - 4. Let v be k(9). Suppose 2*f + 2*j - 164 = 7*j, -j = -v*f + 433. What is the tens digit of f?
8
Let q = -5837 - -24049. What is the tens digit of q?
1
Let p(o) = 451*o + 914. What is the tens digit of p(36)?
5
Let u be ((-6)/(-4))/((-6)/16). Suppose -12*q = -7*q - 5*n - 4295, -3*q + 2573 = n. What is the units digit of 2/u - q/(-12)?
1
Let g be 44596/(3 + 1) + -4. Suppose x - 2*x = -3, -4*j = -3*x + g. What is the tens digit of (1*2/3)/((-64)/j)?
2
Let c = 336 + -337. Let p(v) = 1052*v**2 + 18*v + 18. What is the units digit of p(c)?
2
Suppose 0 = 54*y - 56014 - 41726. What is the hundreds digit of y?
8
Let j = 13262 - -5432. What is the ten thousands digit of j?
1
Suppose -5*w + 4*j - 8*j = -10, w - 2*j = 16. Suppose w*h - 866 = 4*h. What is the hundreds digit of h?
4
Let k(d) = 29*d**2 - 8*d - 1. Let p(t) = -30*t**2 + 8*t + 2. Let c(f) = 6*k(f) + 5*p(f). What is the hundreds digit of c(4)?
3
Let h(y) = y**3 - y - 1. Let j(d) = -3*d + 17. Let a be j(6). Let i be h(a). What is the tens digit of i + (3 + (-244)/4)/(-2)?
2
Suppose -73*o - 2346866 + 6189221 = 0. What is the hundreds digit of o?
6
Suppose 0 = -3*h + 3*o + 9030, -5*h - 6*o + 14996 = -2*o. What is the tens digit of h?
0
Suppose 15*v = 63406 + 30269. What is the thousands digit of v?
6
Suppose 3*j - 7*j = -172. Let z = j + -54. Let q = -4 - z. What is the units digit of q?
7
Let i = 2417 + 283. What is the hundreds digit of i?
7
What is the thousands digit of 698/(-5)*(28 - 53) - 9?
3
Suppose -61*m = 234296 - 1226212 - 2402185. What is the tens digit of m?
4
Let w(p) = p + 15. Let l be 1 + 2 + (11 + -2)*-1. Let j be w(l). What is the units digit of (6/j)/(3/99)?
2
Suppose u = -1, -135 = 5*t + 5*u + 95. Let w = t - 66. Let h = 140 + w. What is the tens digit of h?
2
Let v be -1 + 4 + (-1)/((-2)/(-12)). Let z be v/((-2)/((-24)/(-9))). Suppose 0 = -z*u - 3*w - w + 296, -54 = -u - 5*w. What is the units digit of u?
9
Let w(s) = s**3 + 4*s**2 - 15*s - 19. Let h be w(-6). What is the units digit of h/4 - (-3861)/52?
4
Suppose 3*a - 26 = -20. Suppose 5*r = 10, a*r = 3*g - 379 + 104. Suppose 6 = -3*h + g. What is the tens digit of h?
2
Suppose 40 = 11*g - 3*g. Let b be -1 + 1 + 1 + g. What is the tens digit of 2760/51 + b/(-51)?
5
Let r(w) = -w**3 - 15*w**2 - 4*w - 16. Let f(k) = 4*k - 60. Let a be f(11). What is the tens digit of r(a)?
0
Suppose 4*f + 2*f - 522 = 0. Suppose -9 = -3*i + 6*i, -2*n = -5*i - f. What is the tens digit of n?
3
Let h = 8772 + -5735. What is the hundreds digit of h?
0
Let f = -101 - -86. Let l(i) = -2*i**2 - 20*i + 27. Let h be l(f). Let g = 296 + h. What is the units digit of g?
3
Let o = 23364 - 13908. Suppose t + o = 25*t. What is the tens digit of t?
9
Let x be ((-8)/4 - 10)*(-1)/(-2). Let q(g) = 3*g**2 - 14*g - 34. What is the tens digit of q(x)?
5
Suppose -6*j - 19 = -133. Let q = j + -16. Suppose 2*p = -q*t - t + 500, -116 = -t + 4*p. What is the units digit of t?
4
Let c be 41379/18 - 11/(-66). Let y = c - 378. What is the thousands digit of y?
1
Suppose -a - 72333 = -5*i, -28926 = -2*i - 92*a + 96*a. What is the ten thousands digit of i?
1
Suppose -5*c = 0, 2*b - 3*c = 5*b - 105. Let s = -141 + 86. What is the hundreds digit of (-11670)/s - (b/11 - 3)?
2
Let p be -5*(-6)/5*(-10)/15. Let o(v) = -8*v + 10. What is the tens digit of o(p)?
4
Let p = 11 - -29601. What is the ten thousands digit of p?
2
Let v = 383 - 369. Suppose -4*t - 558 = -2*m, 2*m - v*t + 18*t - 550 = 0. What is the hundreds digit of m?
2
Let h = -20 + 34. Suppose 2*o + 3*y = y + h, 2*o - 22 = -4*y. Suppose -2 = -w + o, 3*t = -4*w + 449. What is the tens digit of t?
4
Suppose 4*h - 4*y - 4 = 0, -4*h - y + 8 = -16. Suppose -m - h*t = -424, 3*t = 3*m - 8*m + 2076. What is the hundreds digit of m?
4
Let w = -32 + 354. Let b = 423 - w. What is the units digit of b?
1
Let r(m) = -2*m**2 + 15*m - 18. Let c be r(6). Suppose -14 = -j + t - c, 5*t = -25. What is the units digit of j?
9
Suppose 2*r = -5*i + 5181, 2*r = 3*r - 3. Let q = i + -442. What is the hundreds digit of q?
5
Suppose 3*l = -90 + 129. Suppose -1085 = 6*m - l*m. What is the hundreds digit of m?
1
Let n(s) = s